 and 196.
49
Suppose b + 5 = 0, 62*w + 3*b = 67*w - 1395. Calculate the greatest common factor of w and 48.
12
Suppose -40 = -73*z + 72*z. What is the highest common factor of 20 and z?
20
Let s be (-4 - -6) + 4/(-2). Let n be s - (-3)/((-3)/(-34)). What is the highest common divisor of 17 and n?
17
Suppose 105 = 3*t + 33. Suppose 2*u = -2*s + 6*s - 720, -3*u - 2*s - 1096 = 0. Let c be (-20)/30 - u/6. Calculate the highest common divisor of c and t.
12
Let p(o) = -3*o**3 + 37*o**2 - 10*o - 11. Let q be p(12). Calculate the highest common divisor of 221 and q.
13
Suppose 0 = -5*r - 2*a + 34, -r + 16 = 3*a + 2*a. Let w be -12*((-9)/r)/(1/2). What is the highest common factor of 24 and w?
12
Let b be (-4 - -4)/(-4) + 1. Let j = 19 + b. Calculate the greatest common factor of 8 and j.
4
Let a be 35*(-6 - -2)*-2. Let n be (((-5)/2)/((-8)/(-128)))/(-1). What is the greatest common factor of n and a?
40
Let q(v) = 4*v**2 - 7*v - 6. Let f be q(6). Let j be (1 + 2/4 - 2)*-24. What is the greatest common divisor of j and f?
12
Let o be (-6)/(-1 + 69/75). Suppose 0 = 8*r - 0*r - 32. Suppose r*t - 97 = -i, 4*i - i = -3*t + o. What is the highest common factor of t and 72?
24
Let f be (8 - 8) + -2 + -1 + 6. Suppose -v + 99 = -3*x, f*v + 4*x = 170 + 153. What is the highest common divisor of v and 15?
15
Let s be ((-5)/(-15))/((-3)/45). Let w(r) = -7*r - 22. Let q be w(s). What is the greatest common factor of 52 and q?
13
Let i be 1*3/9*0. Suppose 4*k + f - 26 = -i*k, -6 = -3*f. Calculate the highest common divisor of k and 9.
3
Let s be (2 - 21/15)*5. Suppose -26 = q + j - 301, 0 = s*q - 3*j - 837. Let r = q - 157. What is the highest common factor of r and 15?
15
Let h(i) = 982*i + 17. Let p be h(1). What is the highest common factor of 27 and p?
27
Let s = 65 + -37. Suppose -2*j = -4*y - 5*j + s, 0 = -y + 2*j + 18. What is the greatest common divisor of y and 10?
10
Let i(v) = v**2 - 2*v - 1. Let g be i(4). Suppose 0 = -g*h + 3*h + 64. Suppose 3*u - 78 = -72. Calculate the greatest common factor of h and u.
2
Suppose 846 = 5*n - 144. What is the highest common factor of 330 and n?
66
Let t be -15*(4/24*-38 + 4). Calculate the greatest common factor of 21 and t.
7
Suppose 19*w - 23*w + 176 = 0. What is the highest common divisor of 374 and w?
22
Suppose 12*l - 14*l + 56 = 0. Let n be 48/((-12)/3)*-1. Suppose n + 8 = 5*x. What is the greatest common factor of l and x?
4
Let y = 100 - 148. Let h be (4 - y/(-9))*-9. Let v(j) = -j**3 + j**2 + j + 96. Let a be v(0). Calculate the greatest common divisor of a and h.
12
Let r be ((-24)/(-32))/(2/(-8)). Let n(o) = o + 8. Let w(l) = -1. Let x(v) = n(v) + 4*w(v). Let y be x(r). What is the greatest common factor of y and 5?
1
Let w(g) = 0*g + 2*g - 7 - 7 + 0*g. Let h be w(10). Suppose 432 = -h*q + 9*q. What is the greatest common divisor of 18 and q?
18
Let i(g) = g**2 + 3*g - 4. Suppose -3*q + 50 = 4*u, 4*q + 2 = 5*q. Let v be i(u). Calculate the highest common factor of 30 and v.
30
Suppose 7*g - 12*g = -200. Suppose -3*v + g = v. What is the greatest common factor of v and 50?
10
Suppose -5 - 3 = -2*b. Let w = 49 - -5. Suppose w + 34 = b*l. What is the highest common divisor of 11 and l?
11
Suppose 60 + 122 = 7*r. What is the highest common divisor of r and 65?
13
Suppose 13*a = -2*a + 2205. What is the greatest common factor of a and 3?
3
Suppose 5*n - n = 340. Let m = n + -70. What is the highest common divisor of m and 105?
15
Let i be (22/3 - 9)*66/(-5). Let j(a) = 2*a**2 + 5. Let f be j(5). What is the greatest common divisor of f and i?
11
Let o(u) = 16*u**2 - 6 + 7*u - 19*u**2 + 9*u. Let v be o(6). Let p be (168/v)/((-1)/3). Calculate the highest common divisor of p and 14.
14
Let c be (0 - 1)/(2/(-10)). Suppose -k = -4*h + 293, -h - 5*k + 214 = 2*h. Let g = 118 - h. What is the greatest common factor of c and g?
5
Let p(x) = 2*x - 10. Let g be p(-2). Let y be (g/(-4))/(7/28). Calculate the highest common factor of y and 49.
7
Let g(y) be the second derivative of y**4/12 + 7*y**3/2 - 9*y**2/2 - 4*y. Let i be g(-9). Let a = 33 - i. Calculate the greatest common divisor of 30 and a.
30
Let h(r) = r**3 + 20*r**2 + 62*r - 20. Let y be h(-16). What is the greatest common factor of 516 and y?
12
Suppose 3*k - k = 3*t - 195, 5*k - 174 = -3*t. Let z(j) = -j**2 + 8*j - 6. Let s be z(5). What is the highest common factor of t and s?
9
Suppose 3*v = -11 + 47. Let j(p) = -2*p**2 + 20*p + 6. Let g be j(7). Calculate the highest common factor of g and v.
12
Suppose 19*h - 1125 = 4*h. Calculate the greatest common divisor of 30 and h.
15
Let g(i) = 3*i**2 + 46*i + 30. Let p(d) = -d**2 - 15*d - 10. Let y(j) = 2*g(j) + 7*p(j). Let n be y(-12). Calculate the greatest common divisor of n and 2.
2
Let i = 536 - 63. Calculate the highest common divisor of 22 and i.
11
Let x be (-6)/6*(-4 - (44 + -6)). Calculate the greatest common divisor of 84 and x.
42
Suppose -4*t - 2*h = -42, -3*h = -5*t + 69 - 22. Let m = -76 - -176. What is the highest common divisor of m and t?
10
Suppose 8*v - 675 - 109 = 0. Calculate the greatest common factor of v and 56.
14
Let y(s) = -s**2 + 39*s. Let b be y(18). Let m = b + -266. Calculate the greatest common factor of m and 14.
14
Suppose -253*c + 245*c = -4480. What is the greatest common divisor of 10 and c?
10
Let r = 71 + -34. Suppose 4*l + 2997 = 13*l. Calculate the greatest common divisor of r and l.
37
Let h be ((-9)/3)/(9/(-39)). What is the greatest common factor of h and 689?
13
Let w(m) = -m**2 + 21*m - 13. Let l be w(19). Calculate the highest common factor of 200 and l.
25
Let n = 22 - 10. Suppose -3*j - n = -7*j, -2*i + j = -3. Suppose -4*q + 4 = 0, -3*u + 4*u - 26 = q. Calculate the highest common divisor of u and i.
3
Suppose -16*q = -4546 - 3614. Calculate the greatest common factor of q and 10.
10
Suppose -3*q = 5*p - 208, -5*q = 2*p - 14 - 54. Suppose 0*z = -4*o + z + 43, 5*z + 39 = 4*o. Calculate the greatest common factor of p and o.
11
Suppose -35 = -w - 4*a, 0 = 5*w + 28*a - 33*a - 300. Suppose 5*b - 26 = b - 2*f, 4*b + f - 23 = 0. Calculate the highest common divisor of w and b.
5
Let i(n) = -13*n + 207. Let r be i(7). Calculate the greatest common divisor of 145 and r.
29
Let l(i) = i**2 - 16*i + 99. Let t be l(7). What is the highest common divisor of 63 and t?
9
Suppose -4*f + 60 = 4*b, -f = -0*f + 2*b - 14. Calculate the greatest common factor of 36 and f.
4
Let h be (-32 - -36)/(-2 - (-10)/4). What is the highest common divisor of h and 1040?
8
Let z(l) = 16*l + 934. Let o be z(-54). Calculate the highest common divisor of o and 56.
14
Suppose 0 = -19*f + 5351 + 7189. Calculate the highest common factor of 40 and f.
20
Let a be (-1191)/(-15) + (-42)/105. What is the highest common divisor of 237 and a?
79
Suppose -20 + 11 = -3*a. Suppose -z - 5 = -a*d, 2*d + 3*d + 5 = 3*z. Calculate the highest common divisor of 90 and z.
10
Suppose -2157 = -3*i - 5*z, -3*i + 4*z = -i - 1416. Calculate the highest common factor of i and 17.
17
Let w be (1 - (-186)/4)*2. Suppose 2*r + 5*y + 1 = 49, -4*r + 82 = 3*y. What is the highest common divisor of w and r?
19
Suppose 2*m - 757 = -g, 8*m + 4*g = 5*m + 1128. What is the highest common divisor of m and 20?
20
Let t(n) = n**3 - 7*n**2 - 9*n + 12. Let a be -6*(-1 - 1/3). Let d be t(a). Suppose -3 - 21 = -d*g. Calculate the highest common factor of g and 18.
6
Suppose -286 = -4*t + 286. Calculate the highest common divisor of 39 and t.
13
Let c(f) = -86*f - 81*f**3 - 3 + 82*f - 38*f**3. Let x be c(-1). Calculate the greatest common factor of x and 30.
30
Let h be -5 - 85/(-15) - (-4)/3. Let t be (h + 6)*21/6. Calculate the greatest common divisor of 112 and t.
28
Let v(j) = 148*j - 1. Let i be v(1). Suppose 5*w = 3*h + i, 2*h + 2*w + 103 - 21 = 0. Let n = -18 - h. What is the highest common factor of 13 and n?
13
Let z(g) = g**2 + 18*g - 78. Let l be z(-22). What is the greatest common factor of 310 and l?
10
Let a(m) = -m**2 - 26*m - 17. Let q be a(-23). Let o = q - 35. Calculate the highest common factor of 34 and o.
17
Let p(a) = a**3 + 6*a**2 - 13*a + 1. Let t(m) = m - 1. Let i(w) = p(w) + 6*t(w). Let y be i(-7). Let z = 3 - y. Calculate the highest common divisor of 2 and z.
2
Let g be (-70)/(-7) + 0 + 2. Suppose 4*c + 2*j -